{"version":"1.0","provider_name":"A term\u00e9szet ereje","provider_url":"https:\/\/celajoelet.cafeblog.hu","author_name":"Skandar Graun","author_url":"https:\/\/celajoelet.cafeblog.hu\/author\/skandar_graun\/","title":"Fogy\u00e1sprogram 2. h\u00e9t","html":"<p>Ezen a h\u00e9ten nem t\u00f6rt\u00e9nt v\u00e1ltoz\u00e1s a s\u00falyomban. Plusz tapasztalattal nem gyarapodtam a h\u00e9ten. A k\u00far\u00e1t t\u00f6retlen\u00fcl folytatom tov\u00e1bb.<\/p>\r\n<p>Puszt\u00e1n arra j\u00f6ttem r\u00e1, hogy remek\u00fcl vagyok, emellett j\u00f3kat eszem, nem \u00e9hezem egy\u00e1ltal\u00e1n. Rendk\u00edv\u00fcli m\u00f3don \u00e9lvezem az eg\u00e9szet, mivel mint eml\u00edtettem m\u00e1r, j\u00f3kat eszem. Nem \u00e9rzek az \u00e9tkez\u00e9sek k\u00f6z\u00f6tt \u00e9hs\u00e9get, pedig r\u00e9gebben alig p\u00e1r \u00f3r\u00e1val ak\u00e1rmelyik \u00e9tkez\u00e9s ut\u00e1n sokszor mardos\u00f3 \u00e9hs\u00e9gem volt. Az sem utols\u00f3 szempont, hogy eg\u00e9szs\u00e9gem remek form\u00e1ban van, semmilyen rossz tapasztalatom nincsen.<\/p>\r\n<p>Az mindenesetre j\u00f3l esett, hogy egy ismer\u0151s\u00f6m aki r\u00e9gebben l\u00e1tott, megk\u00e9rdezte: -Fogyt\u00e1l?- Term\u00e9szetesen erre azt tudtam mondani, hogy: -Igen!- Szeretn\u00e9m, ha sok embernek jutna hasonl\u00f3 \u00e9lm\u00e9ny! Aki erre v\u00e1gyik, annak jelen soraim rem\u00e9lem seg\u00edtenek, valamint r\u00e9gebbi ebben a t\u00e9m\u00e1ban \u00edrt tapasztalataim is. J\u00f3magam is sz\u00edvesen seg\u00edtek szem\u00e9lyesen is b\u00e1rkinek, aki hasonl\u00f3 \u00e9lm\u00e9nyeket akar mag\u00e1nak.<\/p>\r\n<p>Mindenkinek hasonl\u00f3 \u00e9lm\u00e9nyeket k\u00edv\u00e1nok \u00e9s <em><strong>egy\u00fck magunkat eg\u00e9szs\u00e9gesre!<\/strong><\/em><\/p>\r\n<p>&nbsp;<\/p>","type":"rich"}

A természet ereje

Fogyásprogram 2. hét

<p>Ezen a héten nem történt változás a súlyomban. Plusz tapasztalattal nem gyarapodtam a héten. A kúrát töretlenül folytatom tovább.</p>
<p>Pusztán arra jöttem rá, hogy remekül vagyok, emellett jókat eszem, nem éhezem egyáltalán. Rendkívüli módon élvezem az egészet, mivel mint említettem már, jókat eszem. Nem érzek az étkezések között éhséget, pedig régebben alig pár órával akármelyik étkezés után sokszor mardosó éhségem volt. Az sem utolsó szempont, hogy egészségem remek formában van, semmilyen rossz tapasztalatom nincsen.</p>
<p>Az mindenesetre jól esett, hogy egy ismerősöm aki régebben látott, megkérdezte: -Fogytál?- Természetesen erre azt tudtam mondani, hogy: -Igen!- Szeretném, ha sok embernek jutna hasonló élmény! Aki erre vágyik, annak jelen soraim remélem segítenek, valamint régebbi ebben a témában írt tapasztalataim is. Jómagam is szívesen segítek személyesen is bárkinek, aki hasonló élményeket akar magának.</p>
<p>Mindenkinek hasonló élményeket kívánok és <em><strong>együk magunkat egészségesre!</strong></em></p>
<p>&nbsp;</p>
